Let m be (165/10)/(4/600*5). What is the highest common divisor of m and 72?
9
Let n = -588 + 610. Suppose -a = -2*d - 2, 2*a = d - 2*a + 8. Suppose d = -8*b + 261 + 3. What is the highest common factor of n and b?
11
Suppose o = 5*t - 0*o + 11922, -3*t - 4*o = 7167. Let u be (-9)/4 - t/20. What is the greatest common factor of 273 and u?
39
Let v be 1644/2 - (-1584)/(-198). What is the greatest common divisor of 296 and v?
74
Suppose 9*z + 1278 = 6*z. Let i = z - -481. Calculate the highest common divisor of i and 99.
11
Let k(g) = 2 + 0 + 10*g - 3 + g. Let o be k(1). Let n be 62/6 - (28 + -9)/57. What is the greatest common factor of n and o?
10
Let b be (-4)/(-16) + 1 + 35/4. Suppose -66 = 4*i - 2*q, -4*q - 26 = 4*i + 22. Let s(k) = -2*k. Let z be s(i). Calculate the highest common factor of b and z.
10
Let p(x) = -x**3 - 3*x**2 + 22*x - 85. Let n be p(5). Let b be n*11/(275/(-20)). Let t be (-59)/(-3) + (-1)/(-3). What is the highest common divisor of b and t?
20
Let r(m) = 60*m + 68. Let h be r(-2). Let i = 53 + h. Let a = 0 + 9. Calculate the highest common factor of a and i.
1
Let h(g) = g**2 + 16*g + 76. Let n be h(-6). Calculate the greatest common divisor of n and 628.
4
Let s be (12/16)/((-817505)/204380 + 4). What is the highest common factor of s and 22?
11
Let l be ((-20)/12)/((-89)/8811). What is the highest common divisor of 1705 and l?
55
Let q(o) = 6*o**2 + 292*o - 51. Let c be q(-49). What is the greatest common divisor of c and 2303?
47
Let q = -29311 - -35615. What is the highest common factor of 224 and q?
32
Let v(x) = -3*x + 22. Let d be v(0). Suppose -224 = -3*k - 269. Let m be ((-2)/4*-3)/(k/(-20)). What is the highest common divisor of m and d?
2
Let g be (48340/(-70))/((-8)/14) + 3/2. Calculate the greatest common divisor of 10 and g.
10
Let q = 3 + 3. Suppose 3*w + 245*c = 247*c + 489, 651 = 4*w - 3*c. Calculate the greatest common divisor of q and w.
3
Let x be 9*4/6*(-19)/((-323)/(-187)). Let q = 300 - 134. Let h = q + x. Calculate the greatest common divisor of 40 and h.
20
Let p(w) = 8*w**3 + 2*w**2 - 46*w + 88. Let v be p(2). What is the highest common divisor of v and 289?
17
Let s(m) = m + 1060. Let o be s(0). Let p(l) = 2183*l - 8712. Let v be p(4). What is the highest common factor of o and v?
20
Let q(u) = u**2 + 24*u + 60. Let i be q(-24). Suppose -i = 12*c - 15*c. Suppose -2*h = -0*h - 10. What is the greatest common factor of c and h?
5
Let o(t) = t**3 - 12*t**2 + 73*t - 1128. Let b be o(16). Calculate the greatest common factor of 1008 and b.
56
Let z be (-1)/3*-6*-24. Let q = z - -68. Suppose r - 193 = 2*d - 596, -4*r - 412 = -2*d. Calculate the highest common factor of d and q.
20
Suppose 0 = -18*k + 21414 + 104704 - 11242. What is the greatest common divisor of k and 2?
2
Let w be (1 + (-6)/4)*-40. Let t(l) = 8*l - 96. Let u be t(12). Suppose u = -0*p - 10*p + 300. What is the highest common factor of w and p?
10
Let n = -1011 + 1555. What is the highest common divisor of n and 96?
32
Suppose -6351 = -2*c + 31*c. Let n = c + 246. Calculate the greatest common factor of 459 and n.
27
Suppose -2*m = -7*m + 50. Let i = -1685 + 1695. What is the greatest common divisor of i and m?
10
Let t(q) = q**3 + 122*q**2 - q - 121. Let r be t(-122). What is the highest common divisor of 2729 and r?
1
Suppose -6*k + 164 = 140. Suppose 0 = 9*c - 12*c + 4*u + 82, 5*c - k*u = 142. What is the greatest common divisor of c and 270?
30
Let c be 273 - 262 - ((-135)/3 - (-1 + 5)). Let t(l) = -l**3 + 6*l**2 - 5. Let a be t(5). Calculate the highest common factor of a and c.
20
Let j = -34 - -92. Let p(f) = 2*f**2 - 45*f - 226. Let g be p(-6). Calculate the highest common divisor of j and g.
58
Suppose 3*k = -760 + 280. Let u be -381*(88/(-12))/(-22). Let x = u - k. Calculate the highest common divisor of 363 and x.
33
Let f(j) = 2*j**3 - 12*j**2 + 14*j - 8. Let p be f(5). Calculate the greatest common divisor of 1212 and p.
12
Suppose 120*v + 105*v - 25*v = 12600. Let q(f) = -f**3 - 3*f**2 + 5. Let o be q(-4). Calculate the highest common divisor of o and v.
21
Let f(y) = 3*y - 123. Let t be f(8). Let b be ((-8)/6)/(-1 - 93/t). What is the highest common factor of 2 and b?
2
Let o = 561 - 511. Let j = o + -4. What is the greatest common divisor of 23 and j?
23
Let o = 1336 + -775. Suppose 2*n - 122 = -5*l, 0 = 3*l - 1 - 11. What is the greatest common divisor of o and n?
51
Let m be 4/6 - (-1960)/(-168). Let j(t) = t**2 + 4*t + 9. Let y be j(m). Calculate the highest common factor of 2 and y.
2
Let r = -590 - -589. Let x(m) = 33*m**2 - 2*m + 4. Let z be x(r). Calculate the greatest common factor of z and 897.
39
Let a(y) = y**3 + 26*y**2 - 73*y - 44. Let z be a(-28). What is the greatest common divisor of z and 32?
16
Let k = -17238 + 17494. Let y = 77 + -45. What is the greatest common factor of k and y?
32
Suppose 602 = 2*w + 2*s, 5*w = -4*s + 423 + 1076. Calculate the greatest common factor of 2773 and w.
59
Let g = 2725 + -2681. What is the highest common factor of g and 968?
44
Let o = -162 + 164. Calculate the highest common factor of o and 402.
2
Let c be 6/(-12)*21*174/9. Let z = c + 231. What is the greatest common divisor of z and 16?
4
Suppose -80*d + 104720 = 90*d. Calculate the highest common factor of 21 and d.
7
Let x be (-820)/(-12) - 2/6. Let r be -74 + 98 - (-5 + -5). Calculate the highest common divisor of x and r.
34
Let z = -8252 + 15312. What is the highest common factor of z and 20?
20
Let b = 725 - 203. Let w(p) = 30*p + 446. Let j be w(-11). Calculate the greatest common divisor of b and j.
58
Let h be (-419 + 4)*(-4)/10. Suppose 2*j + 4*p - 793 = 41, -p = 4*j - 1661. What is the highest common factor of h and j?
83
Let d(t) be the second derivative of 7*t**3/6 + 31*t**2 + 4*t - 2. Let i be d(19). Calculate the greatest common divisor of i and 39.
39
Suppose x + 4*l = 50, -14*x + 12*x + 3*l + 144 = 0. What is the highest common divisor of 4248 and x?
6
Let j(i) = -8*i - 5. Let o be j(7). Let a be 3223/(-55) - (-2)/(-5). Let b = a - o. What is the greatest common factor of b and 40?
2
Suppose 400 = -4*g + 420, b - 690 = -5*g. What is the greatest common factor of b and 25?
5
Let a = 70 - 48. Let i(r) = 476*r + 187. Let h be i(0). What is the greatest common divisor of h and a?
11
Let p = -111 - -226. Suppose -3*f = -5*o + 2*f - 255, -o = 2*f + 45. Let c = p + o. What is the greatest common divisor of c and 44?
22
Let d = 4387 + -4227. What is the highest common divisor of d and 288?
32
Suppose -3*x + 1404 = -4*r, -7*r + 8*r + 351 = -x. Let a = -336 - r. What is the highest common divisor of a and 345?
15
Let a = -28 + 47. Let z(l) = -3*l + 40. Let p(w) = -10*w + 119. Let i(f) = -2*p(f) + 7*z(f). Let v be i(-15). What is the greatest common factor of v and a?
19
Suppose -4*n - 9 + 37 = 0. Let x = 13 - n. Let w = 297 + -282. What is the greatest common factor of x and w?
3
Let h(z) = -z + 4. Let y be h(5). Let q be 1 + (0 - y) + 54. Suppose -708*x + 1741 = -7310 - 861. Calculate the greatest common factor of q and x.
14
Suppose -8*v + 4*v = -72. Let x be -6 + v/27*(1 + 2). Let o be 1/x*1 - 99/(-12). What is the greatest common divisor of 56 and o?
8
Suppose y - 2*y - 5*i + 1476 = 0, -5*y - 2*i + 7472 = 0. What is the greatest common divisor of y and 11?
11
Let p(v) = -6*v - 12. Let t be p(0). Let n be (t/8 + 2)/(2/676). Calculate the highest common factor of 26 and n.
13
Let a be (-1)/(-2) + (-2)/(-4). Let z be (-1938)/(-152) - (-3)/(-4). Suppose 3*o + z*o = 60. What is the greatest common factor of o and a?
1
Let y = 520 - 565. Let c = 240 + y. Calculate the greatest common factor of 65 and c.
65
Suppose -4*y = z - 13, 3*z = 2*y + 2 - 5. Let v be 0*(2/(-2))/z. Suppose -3*x + 0*x + 216 = v. Calculate the highest common factor of 8 and x.
8
Suppose -8*s + 1138 + 4350 = 0. Suppose -51*x + 2930 = s. What is the highest common divisor of 20 and x?
4
Let b(y) = -3*y - 115. Let d(q) = -q - 38. Let r(v) = 2*b(v) - 7*d(v). Let z be r(-12). Let u = -9 + 33. Calculate the greatest common divisor of z and u.
24
Suppose -16*j + 5*z = -20*j + 2154, 0 = -2*j - z + 1086. What is the highest common divisor of 78 and j?
78
Suppose -b + 4*l + l = 21, -3*b = -3*l + 3. Suppose -2*d = -b, -5*g = d + 3*d - 53. Calcula